
23
Calculate 8 + (-20 - -4) + -28 + 22.
-14
What is 643 + -654 + (2 - 11)?
-20
Calculate 7 + (-23 - -7) + -7 + 4 + 9.
-3
-2 + (5 - 2) + -4 - (-16 - -17)
-4
What is 2 + (-5 - -11) + -17 + 2?
-7
-43 - (-69 + 13) - 21
-8
What is the value of 22 + (-36 - 0) + 0 + -10?
-24
(-5 - 1) + -9 + -17 + 33
1
What is the value of -11 + -18 - (-21 - -4)?
-12
What is the value of 20 - (14 + (-1 - 7))?
14
Evaluate -85 + 145 + -57 + (1 + 0 - 19).
-15
Calculate -25 + 66 - 25 - 0.
16
What is the value of -1 - (-10 - -5) - -1 - 3?
2
Evaluate -36 + 18 + -8 + 20 + -28.
-34
Evaluate (2 - -8) + -5 + -16 + -3.
-14
What is (7 - 8) + (4 - 7) - 10?
-14
Calculate -21 - -2 - (21 + -28) - -39.
27
What is the value of -2 - (3 - 2) - -8?
5
What is 4 + -5 + 5 + -47 + 38?
-5
What is the value of 11 + (-4 + 3 - 7) + -7?
-4
Evaluate (24 - 9 - 2) + 1.
14
Calculate 15 + -26 + 19 - (8 + 1).
-1
Calculate (-7 + -3 + 2 + 0 - -13) + 0.
5
Calculate -256 + 265 + (-10 - 1).
-2
Calculate -25 - (23 - 32 - 7).
-9
Calculate 5 + -6 + 5 + -3 + 0 + -23.
-22
What is (-5 - -10) + -10 - -12?
7
-10 + (53 - (20 + -1))
24
What is 0 - (-2 + (3 - (-17 + 10)))?
-8
0 - 0 - (3 + 0 - 4)
1
Calculate 0 + -1 + (516 - 533).
-18
What is -3 + -5 + 13 - (-8 - (6 + -10))?
9
Calculate 122 + -130 - (37 - 5).
-40
What is the value of 8 + (3 + -4 - (-4 - (-4 + 10)))?
17
10 + -9 + 9 + -36 + 5
-21
Calculate (29 - (5 + -10 + 4)) + (-2 - 8).
20
7 + -1 - 8 - 4 - -2
-4
Calculate 4 + (6 - ((8 - 2) + 6)) + -14.
-16
What is the value of 2 - ((-47 - 0) + -13 + 30)?
32
(4 - 0) + 111 + -109 + 3
9
Evaluate (6 - 9) + 11 - (65 - 52).
-5
Calculate 5 + -2 - (14 + -14 + 1 + 23).
-21
What is the value of 27 - (-2 + (11 - 2)) - 9?
11
Evaluate 5 + -2 - 29 - (8 + -14 + 13).
-33
What is the value of 14 - (4 - -7) - 6?
-3
0 - 5 - (11 + -25)
9
0 - 18 - (-1143 - -1106)
19
Calculate -10 + (-14 - -17) + 10.
3
What is the value of 15 + (3 - (2 - 7) - 1) + -10?
12
What is 14 + 7 + -4 + 3 - -6?
26
-5 + (5 - 3) + 0 - (-23 + 1)
19
Evaluate (25 - (13 + -5)) + -14.
3
Calculate (-3 - (-19 - -29) - -18) + -2 + 38.
41
2 + 11 + (-2 + (-5 - -4) - 1)
9
What is the value of 38 + (-40 - -10) + (-7 - 0)?
1
What is -5 + -30 - -56 - 2?
19
-4 + 8 + -17 + 10
-3
Calculate -6 + (-5 - -5 - 4 - (40 + -30)).
-20
-6 - 3 - (-25 - 5 - -25)
-4
What is 3 + -6 + 14 + (3 - 4) - 4?
6
0 + (2 - (-8 + 9) - -3)
4
What is (6 - 5) + -3 + (-3 - -19)?
14
Calculate -3 + 1 + 6 + (1 - -3 - 18).
-10
What is -58 + 36 + 0 + 48?
26
(-19 - -2 - -7) + -2 + 18
6
Calculate 17 + (1 - -5 - 5 - (-1 - -6)).
13
-11 - ((13 - 1) + -27 + 16)
-12
Calculate 376 + -357 + (1 - 20).
0
What is 14 + (-19 - -11) + 2 + 10?
18
What is the value of -17 - (-11 - (-12 - 9 - -14))?
-13
Evaluate -22 - -10 - (-9 - (-28 - -11)).
-20
Calculate 1 + (-15 - (9 - 21)).
-2
What is the value of -41 + -12 + 37 - (1 - 11)?
-6
Evaluate -15 + (10 - 15) - -19.
-1
-31 + 9 + 7 - (8 - -3)
-26
What is 1 + -6 + (-23 - -40) + -13?
-1
Evaluate -17 + -15 + 1 + 26 - (2 + -4).
-3
0 - 3 - (-23 - (-2 + -24))
-6
Evaluate (-13 - (0 - 16)) + (2 + 0 - -1).
6
What is 6 - (8 + 7 + (-5 - -6) - -3)?
-13
What is the value of (5 - (15 - (2 + -2))) + 28?
18
Calculate 42 + -48 + (12 - 0).
6
Evaluate 27 - -1 - (39 - (86 + -48)).
27
Evaluate (-1 - 4) + (182 - 182) + (1 - -9).
5
What is the value of ((-19 - -7) + 32 + -6 - 8) + 9?
15
What is the value of 14 + (4 - -3) + (-3 - 8)?
10
What is 1 - -12 - (2114 + -2095)?
-6
What is -3 - -1 - (-30 - -23 - 11)?
16
-6 + 3 + 0 + (17 + -10 - 3)
1
Calculate 10 - 8 - (27 - 31).
6
1 + 7 - 7 - (-3 + 3 + -3)
4
What is the value of -5 + 2 - (81 + -79)?
-5
27 + -13 + -7 - 6
1
What is (-2 - (-43 + 49)) + (2 - -3) + 2?
-1
What is the value of (-19 - (24 - 8)) + (2 + -4 - -13)?
-24
What is (-19 - (-42 - -6)) + 0 + 23?
40
What is 4 + (4 - (-21 + 13)) - -21?
37
10 + 2 + (-10 - -12) + -2
12
What is 29 + -10 - (-3 - -10)?
12
What is the value of 5 + 3 - 1 - -19?
26
What is 11 + (22 - 25 - -4)?
12
Evaluate -2 + (-19 - -6 - -8) + -3.
-10
Calculate -1 + -8 + (8 - 8 - 0 - 2).
-11
Calculate 0 - -25 - (1 + 14).
10
What is the value of -12 + (-15 + 34 - 14 - 1)?
-8
-3 + 4 - (32 - (-1 + 23))
-9
Calculate 5 - (0 - ((-21 - 0) + -22 + 13)).
-25
-7 + (10 + -8 + -5 - -3)
-7
What is -29 - -1 - (-28 + 7)?
-7
What is the value of 0 + (-3 + -2 + 8 - 7 - -3)?
-1
Evaluate -7 + -5 + 13 + (-5 + 22 - 4).
14
-257 + 275 - (13 - 0) - (3 + 1)
1
What is 15 + (-12 + 1 + 13 - -13)?
30
What is -1 + (-2 - 1) + 11?
7
Evaluate 21 - 17 - (0 - (3 + -6)) - -2.
3
Evaluate (1 - 9) + (-43 - -42) + -6.
-15
Calculate 43 + -9 + -25 - (-8 + 1) - 9.
7
Calculate 446 + -473 - (1 + -36).
8
What is the value of 2 - ((-14 - -1) + -1 + 3 + 0)?
13
Calculate (-2 - 1 - -7) + -5 - -23.
22
Calculate 65 + -73 - (2 + -3 + 31 + -4).
-34
-16 + 2 - ((-32 - -21 - -9) + 10)
-22
Calculate (6 - -7) + -10 - 6.
-3
11 - (2 - 6 - 7 - -5)
17
What is the value of 24 - 24 - 3 - (0 - -9)?
-12
What is the value of (1 - -11) + (549 - 545)?
16
What is -5 + -7 + (14 - (-11 - -7)) - 20?
-14
16 + (-10 - (0 + (10 - 7)))
3
What is 3 + -25 + -3 - 2?
-27
Evaluate 0 + -5 + (17 - (5 + -3)).
10
Calculate (-8 - -7) + (-1 - (-8 + -2)).
8
What is the value of -1 + 25 + -29 + 5?
0
What is the value of 6 - (19 - (20 - (2 + 9)))?
-4
What is -55 + 58 + -30 - (-7 + 2)?
-22
0 - 1 - (154 + -156)
1
Calculate (26 - (19 - -28)) + 20.
-1
Evaluate 20 - (19 - -3) - (-2 - -23).
-23
Evaluate (191 - 197) + (-3 - (-36 - -3)).
24
What is 1 + -3 + 6 + (134 - 128)?
10
What is (3 + 5 + 13 - 10) + -5 + -34?
-28
What is 2 + 1 - (15 + -13 + (-13 - -10))?
4
Evaluate (-14 - (-12 - -1)) + (2 - 1 - 2).
-4
(95 + -90 - (22 - 0)) + -1
-18
7263 - 7249 - (7 + 0 - (0 + 0))
7
What is 11 - ((20 - -2) + 60 + -70)?
-1
2 - (-16 + (13 - -18))
-13
Evaluate -1 - (-16 + 11 + 0 + 6 + -1).
-1
What is the value of 1 + 33 + (-634 - -621)?
21
28 - (-13 + (-11 - -10 - -26))
16
18 - (-5 - (-10 + -3))
10
(-11 - (-3 + -1)) + -2
-9
-4 - (-9 - (13 + -38)) - -7
-13
What is the value of -23 + -6 - (-16 - -6 - 4)?
-15
What is the value of (-10 + -4 - -8 - 2) + 13?
5
Evaluate 0 + -28 + 48 - 2.
18
What is the value of -17 + (-2 - 4) + (-10 - (-28 - -10))?
-15
Evaluate 9 + -8 + (9 - 3) + 6.
13
-2 - -5 - (-182 + 194)
-9
(0 - 7 - (-4 + (6 - 5))) + -6
-10
What is the value of 21 - (-11 + -10 - -32)?
10
What is -54 + 54 + (-1 - 0)?
-1
What is the value of -8 - -1 - (-112 + 105 - (2 + -11))?
-9
Calculate 1 - 3 - ((7 - -15 - 0) + -30).
6
Evaluate 16 + -11 + 2 + 4 - (19 + -19).
11
(-18 + 2 - ((-16 - 5) + 18)) + -7
-20
What is the value of 1 + 7 - (-3 - -12 - (-16 - -17))?
0
What is 0 + 2 + -1 - 22 - (-717 + 710)?
-14
What is 13 - ((103 - 88) + -7 + -1)?
6
What is -1 + -9 + 5 + -2 - (6 + 4)?
-17
What is 1 + -9 + (-275 - -263) + 6?
-14
What is the value of 9 - (-35 + 23 + 10)?
11
What is the value of -4 - (20 + -24) - -1?
1
What is (-2 - 13 - -13) + 18?
16
What is 1 - (2 + -20 - -31)?
-12
-13 + (66 - (10 - -20))
23
What is the value of (79 - 72) + (5 - 1 - 11)?
0
Calculate -2 + 3 + -7 - (-5 - -4 - 0).
-5
Evaluate 13 - (5 - -12) - -8.
4
0 + -15 + 0 + 15
0
What is 43 + -44 + (-1 - -1 - -2) + 10?
11
What is 14 + (-45 - (-10 - (-3 + -8)))?
-32
Evaluate 1 + 1 + (1 - -1) - (-266 - -254).
16
8 - (16 + 9 + -6) - (6 - 5)
-12
What is the value of -24 - (-15 + 10) - (-3 + 19)?
-35
What is -2 + -20 + 26 + -28?
-24
Calculate (-13 - -6) + (18 - 25).
-14
-76 + 97 + -1 + -18
2
Calculate 563 + -556 - (5 - 0).
2
Calculate (17 + -15 - -2) + 7 + 15.
26
Calculate (-14 - (-14 + 8)) + 3.
-5
What is (-3 - 11) + 2 + (-87 - -88)?
-11
What is the value of 23 + -8 - 34 - -37?
18
Calculate -12 + -15 + 10 + 16.
-1
Calculate -15 - (-30 - -5) - (1 + -1 - 6).
16
Calculate (-9 - -1) + -2 + (31 - 14).
7
Calculate (22 - 24 - 20) + 4.
-18
What is 5 + 1 + 6 + (-7 - (6 + -6))?
5
-2 - (-18 - (-8 + 2) - -8)
2
What is the value of 15 + (9 - 0 - (2 - (8 - 7)))?
23
What is (-20 - (-13 + 3)) + 12?
2
-1 + -10 + -3 + 5 - -32
23
What is the value of 5 - 4 - -9 - (13 - 7) - -5?
9
Evaluate 18 - (-14 + -10 + 17).
25
Evaluate 4 - ((5 - (0 - 4)) + (-4 - -2)).
-3
Evaluate (-19 - (-3 - 6)) + (-21 - -16).
-15
Evaluate ((-17 - -11) + -42 - -7) + 22 + -15.
-34
Evaluate 7 + -3 + (-6 + 13 - 17).
-6
What is the value of 0 - (-8 - -17) - -13?
4
Evaluate -28 + (0 + -2 - -8) - -8.
-14
-1 - (-15 - -17) - -17
14
Evaluate 13 + (11 - 3 - 2) + -5 + -1.